{"id":90,"date":"2023-04-10T13:59:52","date_gmt":"2023-04-10T10:59:52","guid":{"rendered":"https:\/\/obi.bilkent.edu.tr\/?page_id=90"},"modified":"2025-01-21T11:09:27","modified_gmt":"2025-01-21T08:09:27","slug":"insan-kaynaklari","status":"publish","type":"page","link":"https:\/\/obi.bilkent.edu.tr\/index.php\/insan-kaynaklari\/","title":{"rendered":"\u0130nsan Kaynaklar\u0131"},"content":{"rendered":"<div align=\"center\">\n<table border=\"0\" width=\"800\">\n<tbody>\n<tr>\n<td align=\"center\"><img decoding=\"async\" src=\"..\/..\/images\/handeb.jpg\" width=\"300\" \/><\/td>\n<td align=\"center\"><\/td>\n<td align=\"center\"><img decoding=\"async\" src=\"..\/..\/images\/deryas.jpg\" width=\"300\" \/><\/td>\n<\/tr>\n<tr>\n<td>\n<p style=\"text-align: center;\">Hande ARMA\u011eAN BALTACI<br \/>\n<a href=\"mailto:baltaci@bilkent.edu.tr\">baltaci@bilkent.edu.tr<\/a><br \/>\n\u0130nsan Kaynaklar\u0131 M\u00fcd\u00fcr\u00fc<br \/>\nTel: 290 83 37<\/p>\n<\/td>\n<td><\/td>\n<td>\n<p style=\"text-align: center;\">Derya \u015e\u0130M\u015eEK<br \/>\n<a href=\"mailto:simsek@bilkent.edu.tr\">simsek@bilkent.edu.tr<\/a><br \/>\n\u0130nsan Kaynaklar\u0131 Asistan<br \/>\nVERB\u0130S ve \u0130DV \u00d6zel Bilkent Okullar\u0131<br \/>\nKi\u015fisel Verilerin Korunma Sorumlusu<br \/>\nTel: 290 83 82<\/p>\n<\/td>\n<\/tr>\n<\/tbody>\n<\/table>\n<\/div>\n<p style=\"font-weight: bold;\">Birimimiz;<\/p>\n<p>\u00d6\u011fretmen Al\u0131mlar\u0131 d\u00f6neminde internet \u00fczerinden ve \u015fahsi olarak yap\u0131lan ba\u015fvurular\u0131n al\u0131nmas\u0131,<br \/>\n\u015eahsi olarak yap\u0131lan t\u00fcm ba\u015fvurularla \u00f6n g\u00f6r\u00fc\u015fme yap\u0131lmas\u0131,<br \/>\nM\u00fclakatlar\u0131n planlanmas\u0131,<br \/>\nYeni g\u00f6reve ba\u015flayacak olan \u00f6\u011fretmenler i\u00e7in \u00f6n s\u00f6zle\u015fme haz\u0131rlanmas\u0131,<br \/>\nAday \u00d6\u011fretmenlerin adayl\u0131k i\u015flemlerinin y\u00fcr\u00fct\u00fclmesi,<br \/>\nT\u00fcm \u00f6\u011fretmen, idari ve destek personelin s\u00f6zle\u015fmelerinin haz\u0131rlanmas\u0131 ve atama i\u015flemlerinin y\u00fcr\u00fct\u00fclmesi,<br \/>\n\u00c7al\u0131\u015fma \u0130zin Onaylar\u0131n\u0131n al\u0131nmas\u0131 ve s\u00fcre uzat\u0131mlar\u0131n\u0131n yap\u0131lmas\u0131,<br \/>\n\u0130dari ve Destek Personel g\u00f6rev tan\u0131mlar\u0131n\u0131n haz\u0131rlanmas\u0131 ve \u00e7al\u0131\u015fmalar\u0131n\u0131n takibi,<br \/>\nT\u00fcm \u00d6\u011fretmen, \u0130dari ve Destek Personelin \u00f6zl\u00fck i\u015flemlerinin takibi,<br \/>\n\u0130zin ve raporlar\u0131n takibi,<br \/>\n\u00d6\u011fretmen \u2013 Personel Devam \u2013 Devams\u0131zl\u0131klar\u0131n\u0131n takibi,<br \/>\n\u00d6zel Sa\u011fl\u0131k Sigortas\u0131 i\u015flemlerinin y\u00fcr\u00fct\u00fclmesi,<br \/>\nKi\u015fisel Verilerin Korunmas\u0131 Kanunu kapsam\u0131nda yap\u0131lmas\u0131 gerekli i\u015f ve i\u015flemlerin y\u00fcr\u00fct\u00fclmesi,<\/p>\n<p style=\"font-weight: bold;\">i\u015flerinden sorumludur.<\/p>\n","protected":false},"excerpt":{"rendered":"<p>Hande ARMA\u011eAN BALTACI baltaci@bilkent.edu.tr \u0130nsan Kaynaklar\u0131 M\u00fcd\u00fcr\u00fc Tel: 290 83 37 Derya \u015e\u0130M\u015eEK simsek@bilkent.edu.tr \u0130nsan Kaynaklar\u0131 Asistan VERB\u0130S ve \u0130DV \u00d6zel Bilkent Okullar\u0131 Ki\u015fisel Verilerin Korunma Sorumlusu Tel: 290 83 [&hellip;]<\/p>\n","protected":false},"author":2,"featured_media":0,"parent":0,"menu_order":0,"comment_status":"closed","ping_status":"closed","template":"template-noright.php","meta":[],"_links":{"self":[{"href":"https:\/\/obi.bilkent.edu.tr\/index.php\/wp-json\/wp\/v2\/pages\/90"}],"collection":[{"href":"https:\/\/obi.bilkent.edu.tr\/index.php\/wp-json\/wp\/v2\/pages"}],"about":[{"href":"https:\/\/obi.bilkent.edu.tr\/index.php\/wp-json\/wp\/v2\/types\/page"}],"author":[{"embeddable":true,"href":"https:\/\/obi.bilkent.edu.tr\/index.php\/wp-json\/wp\/v2\/users\/2"}],"replies":[{"embeddable":true,"href":"https:\/\/obi.bilkent.edu.tr\/index.php\/wp-json\/wp\/v2\/comments?post=90"}],"version-history":[{"count":8,"href":"https:\/\/obi.bilkent.edu.tr\/index.php\/wp-json\/wp\/v2\/pages\/90\/revisions"}],"predecessor-version":[{"id":369,"href":"https:\/\/obi.bilkent.edu.tr\/index.php\/wp-json\/wp\/v2\/pages\/90\/revisions\/369"}],"wp:attachment":[{"href":"https:\/\/obi.bilkent.edu.tr\/index.php\/wp-json\/wp\/v2\/media?parent=90"}],"curies":[{"name":"wp","href":"https:\/\/api.w.org\/{rel}","templated":true}]}}