{"id":72,"date":"2023-04-10T13:24:55","date_gmt":"2023-04-10T10:24:55","guid":{"rendered":"https:\/\/obi.bilkent.edu.tr\/?page_id=72"},"modified":"2025-01-09T09:41:53","modified_gmt":"2025-01-09T06:41:53","slug":"tarihcemiz","status":"publish","type":"page","link":"https:\/\/obi.bilkent.edu.tr\/index.php\/tarihcemiz\/","title":{"rendered":"Tarih\u00e7emiz"},"content":{"rendered":"<p>\u0130hsan Do\u011framac\u0131 Vakf\u0131, \u00d6zel Bilkent \u0130lk ve Orta Okulu, Milli E\u011fitim Bakanl\u0131\u011f\u0131 \u00d6zel Okullar Genel M\u00fcd\u00fcrl\u00fc\u011f\u00fcn\u00fcn onay\u0131yla 1 Temmuz 1994\u2019te Bilkent \u00dcniversitesinin Merkez Kampusunda \u2018\u00d6zel Kent \u0130lk\u00f6\u011fretim Okulu\u2019 ad\u0131yla kuruldu. D\u00f6rt derslik (bir anaokul ve \u00fc\u00e7 birinci s\u0131n\u0131f dersli\u011fi), \u00e7ok ama\u00e7l\u0131 salon, yemekhane, revir ve d\u00f6rt ofisten olu\u015fan tek katl\u0131 ve bah\u00e7e i\u00e7indeki ilk okul binas\u0131n\u0131n yap\u0131m\u0131 1994 y\u0131l\u0131nda tamamland\u0131.<\/p>\n<p>Okulun a\u00e7\u0131l\u0131\u015f\u0131, 1994 y\u0131l\u0131 Eyl\u00fcl ay\u0131nda Vak\u0131f Ba\u015fkan\u0131 Merhum Prof.Dr. \u0130hsan Do\u011framac\u0131 taraf\u0131ndan yap\u0131ld\u0131.<\/p>\n<p>Merkez kamp\u00fcsteki binaya 1995-1996 akademik y\u0131l\u0131nda biri \u0130ngilizce, biri de m\u00fczik dersli\u011fi olmak \u00fczere \u00fc\u00e7 derslik, k\u00fct\u00fcphane, sanat odas\u0131 ve spor salonu eklendi. Ancak \u00f6\u011frenci say\u0131s\u0131ndaki art\u0131\u015f nedeniyle yeni tesislere gereksinim duyuluyordu. Bu nedenle 1997 y\u0131l\u0131nda, Do\u011fu Kamp\u00fcste yer alan bug\u00fcnk\u00fc okul binas\u0131n\u0131n yap\u0131m\u0131na ba\u015fland\u0131. Yeni bina 15 Eyl\u00fcl 1997 Pazartesi g\u00fcn\u00fc t\u00f6renle e\u011fitim ve \u00f6\u011fretime a\u00e7\u0131ld\u0131.<\/p>\n<p>Ekim 1997\u2019de y\u00fcr\u00fcrl\u00fc\u011fe giren Sekiz Y\u0131ll\u0131k Zorunlu E\u011fitim Kanunu \u00e7er\u00e7evesinde okulumuz \u00d6zel Bilkent Lisesiyle birle\u015fti ve 6.7.8. s\u0131n\u0131flar\u0131 devrald\u0131. Orta okulun devri 2001 y\u0131l\u0131nda tamamland\u0131.<\/p>\n<p>Okulumuz 2001-2002 e\u011fitim-\u00f6\u011fretim y\u0131l\u0131nda ilk mezunlar\u0131n\u0131 verdi.<\/p>\n<p>Okul binas\u0131n\u0131n geni\u015fletilmesi \u00e7al\u0131\u015fmalar\u0131 kapsam\u0131nda; binaya eklenen spor salonlar\u0131, okul k\u00fct\u00fcphanesi, E Blok ve F Blok ile bug\u00fcnk\u00fc g\u00f6r\u00fcn\u00fcm\u00fcn\u00fc ald\u0131.<\/p>\n<p>2008 y\u0131l\u0131nda Okul Y\u00f6netim Kurulu, Uluslararas\u0131 Bakalorya (IB) \u0130lk Y\u0131llar Program\u0131na kat\u0131lma karar\u0131 verdi. Sorgulamaya dayal\u0131 \u00f6\u011fretimi benimseyen \u00a0program \u00e7er\u00e7evesinde beklenen standartlara uygun bir \u00f6\u011fretim program\u0131 \u00a0ve \u00f6\u011fretmen geli\u015fim e\u011fitimleri 2012 y\u0131l\u0131na kadar devam etti. Uygulama beklentilerine yan\u0131t olarak 15 Kas\u0131m 2012\u2019de Uluslararas\u0131 Bakalorya Organizasyonu taraf\u0131ndan okulumuza \u2018D\u00fcnya Okulu\u2019 stat\u00fcs\u00fc verildi.<\/p>\n<p>30.3.2012 Tarihinde Milli E\u011fitim sisteminde yap\u0131lan kanun de\u011fi\u015fikli\u011fi ile 4+4+4 sistemine ge\u00e7ildi ve bu kararla ilkokul ve ortaokul olarak iki ayr\u0131 \u00f6\u011fretim kurumuna d\u00f6n\u00fc\u015ft\u00fcr\u00fcld\u00fc.<\/p>\n<p>2015-2016 \u00d6\u011fretim Y\u0131l\u0131ndan itibaren \u0130lk Y\u0131llar program\u0131n\u0131n devam\u0131 olarak 5. s\u0131n\u0131ftan 10. s\u0131n\u0131fa kadar devam eden Orta Y\u0131llar Program\u0131n\u0131 (MYP) uygulamak i\u00e7in haz\u0131rl\u0131k \u00e7al\u0131\u015fmalar\u0131na ba\u015flan\u0131ld\u0131. 2015 y\u0131l\u0131 Eyl\u00fcl ay\u0131nda \u201c\u0130lgilenen Okul\u201d olarak ba\u015flat\u0131lan program \u00e7al\u0131\u015fmalar\u0131na 2016 Eyl\u00fcl ay\u0131ndan itibaren \u201cAday Okul\u201d olarak devam edildi ve 2018 Nisan ay\u0131nda da \u2018D\u00fcnya Okulu\u2019 stat\u00fcs\u00fcn\u00fc ald\u0131. B\u00f6ylelikle \u0130lkokul, Ortaokul ve Lise olarak IB S\u00fcre\u00e7 Okulu \u00fcnvan\u0131n\u0131 alm\u0131\u015f oldu.\u00a0 Toplam 23 ilkokul, 17 ortaokul s\u0131n\u0131f\u0131 bulunan \u0130hsan Do\u011framac\u0131 Vakf\u0131, \u00d6zel Bilkent \u0130lk ve Ortaokulu, Atat\u00fcrk \u0130lke ve \u0130nkilaplar\u0131 do\u011frultusunda e\u011fitimin \u00f6zg\u00fcn olmas\u0131n\u0131 hedefleyerek 21.y\u00fczy\u0131l\u0131n ayd\u0131n lider ve giri\u015fimcilerini yeti\u015ftirmeyi ilke edinmi\u015f bir \u00f6\u011fretim kurumudur.<\/p>\n<p>Gelece\u011fin g\u00fcvencesinin e\u011fitim oldu\u011funa\u00a0 inanan ve ya\u015fam boyu \u00f6\u011frenme\u00a0 anlay\u0131\u015f\u0131n\u0131 e\u011fitimin temeline alan \u00a0\u0130hsan Do\u011framac\u0131 Vakf\u0131\u2019n\u0131n Bilkent \u00dcniversitesi kampuslerinde ; \u00d6zel Bilkent Lisesi, \u00d6zel Bilkent Ankara Laboratuar \u0130lk\/Ortaokulu ve Lisesi, M\u00fczik ve Sahne Sanatlar\u0131 \u0130lk\/Ortaokulu ve Lisesi ile Erzurum\u2019da kurdu\u011fu \u00d6zel Bilkent Erzurum Laboratuvar \u0130lkokulu ve Lisesinde binlerce \u00f6\u011frenci e\u011fitim almaktad\u0131r.<\/p>\n","protected":false},"excerpt":{"rendered":"<p>\u0130hsan Do\u011framac\u0131 Vakf\u0131, \u00d6zel Bilkent \u0130lk ve Orta Okulu, Milli E\u011fitim Bakanl\u0131\u011f\u0131 \u00d6zel Okullar Genel M\u00fcd\u00fcrl\u00fc\u011f\u00fcn\u00fcn onay\u0131yla 1 Temmuz 1994\u2019te Bilkent \u00dcniversitesinin Merkez Kampusunda \u2018\u00d6zel Kent \u0130lk\u00f6\u011fretim Okulu\u2019 ad\u0131yla kuruldu. [&hellip;]<\/p>\n","protected":false},"author":1,"featured_media":0,"parent":0,"menu_order":0,"comment_status":"closed","ping_status":"closed","template":"template-noright.php","meta":[],"_links":{"self":[{"href":"https:\/\/obi.bilkent.edu.tr\/index.php\/wp-json\/wp\/v2\/pages\/72"}],"collection":[{"href":"https:\/\/obi.bilkent.edu.tr\/index.php\/wp-json\/wp\/v2\/pages"}],"about":[{"href":"https:\/\/obi.bilkent.edu.tr\/index.php\/wp-json\/wp\/v2\/types\/page"}],"author":[{"embeddable":true,"href":"https:\/\/obi.bilkent.edu.tr\/index.php\/wp-json\/wp\/v2\/users\/1"}],"replies":[{"embeddable":true,"href":"https:\/\/obi.bilkent.edu.tr\/index.php\/wp-json\/wp\/v2\/comments?post=72"}],"version-history":[{"count":4,"href":"https:\/\/obi.bilkent.edu.tr\/index.php\/wp-json\/wp\/v2\/pages\/72\/revisions"}],"predecessor-version":[{"id":269,"href":"https:\/\/obi.bilkent.edu.tr\/index.php\/wp-json\/wp\/v2\/pages\/72\/revisions\/269"}],"wp:attachment":[{"href":"https:\/\/obi.bilkent.edu.tr\/index.php\/wp-json\/wp\/v2\/media?parent=72"}],"curies":[{"name":"wp","href":"https:\/\/api.w.org\/{rel}","templated":true}]}}