{"id":261,"date":"2025-01-09T08:50:42","date_gmt":"2025-01-09T05:50:42","guid":{"rendered":"https:\/\/obi.bilkent.edu.tr\/?page_id=261"},"modified":"2025-01-09T09:25:04","modified_gmt":"2025-01-09T06:25:04","slug":"basogretmenimizden","status":"publish","type":"page","link":"https:\/\/obi.bilkent.edu.tr\/index.php\/basogretmenimizden\/","title":{"rendered":"BA\u015e\u00d6\u011eRETMEN\u0130M\u0130Z&#8217;DEN"},"content":{"rendered":"<p><img decoding=\"async\" style=\"padding-left: 5px;\" src=\"..\/..\/images\/basogretmen.jpg\" width=\"300\" align=\"left\" \/><\/p>\n<p align=\"center\"><strong>\u201cK\u00fc\u00e7\u00fck Han\u0131mlar K\u00fc\u00e7\u00fck Beyler\u201d<\/strong><br \/>\nSizler hepiniz gelece\u011fin bir g\u00fcl\u00fc, y\u0131ld\u0131z\u0131, bir mutluluk par\u0131lt\u0131s\u0131s\u0131n\u0131z.<br \/>\nMemleketi as\u0131l ayd\u0131nl\u0131\u011fa bo\u011facak sizsiniz.<br \/>\nKendinizin ne kadar m\u00fchim, k\u0131ymetli oldu\u011funuzu d\u00fc\u015f\u00fcnerek,<br \/>\nOna g\u00f6re \u00e7al\u0131\u015f\u0131n\u0131z.<br \/>\nSizlerden \u00e7ok \u015feyler bekliyoruz!<\/p>\n<p align=\"center\"><strong>M. Kemal ATAT\u00dcRK<\/strong><br \/>\n<em>\u00a0\u00a0\u00a0\u00a0\u00a0\u00a0\u00a0\u00a0\u00a0\u00a0\u00a0\u00a0\u00a0\u00a0\u00a0\u00a0\u00a0\u00a0\u00a0\u00a0\u00a0\u00a0\u00a0\u00a0\u00a0\u00a0\u00a0\u00a0\u00a0\u00a0\u00a0\u00a0\u00a0\u00a0\u00a0\u00a0\u00a0\u00a0\u00a0\u00a0\u00a0\u00a0\u00a0\u00a0\u00a0\u00a0\u00a0\u00a0\u00a0\u00a0\u00a0\u00a0\u00a0\u00a0\u00a0\u00a0\u00a0\u00a0\u00a0\u00a0\u00a0\u00a0\u00a0\u00a0\u00a0\u00a0\u00a0\u00a0\u00a0\u00a0\u00a0\u00a0\u00a0\u00a0\u00a0\u00a0\u00a0\u00a0\u00a0\u00a0\u00a0 <\/em><br \/>\n<em>\u00a0\u00a0\u00a0\u00a0\u00a0\u00a0\u00a0\u00a0\u00a0\u00a0\u00a0\u00a0\u00a0\u00a0\u00a0\u00a0\u00a0\u00a0\u00a0\u00a0\u00a0\u00a0\u00a0\u00a0\u00a0\u00a0\u00a0\u00a0\u00a0\u00a0\u00a0\u00a0\u00a0\u00a0 <\/em><br \/>\n\u0130hsan Do\u011framac\u0131 Vakf\u0131 \u00d6zel Bilkent \u0130lkokulu, Ortaokulu ve Lisesi \u00d6\u011fretmen ve \u00d6\u011frencileri olarak<\/p>\n<p align=\"center\">Ulu \u00d6nderimiz Atat\u00fcrk\u2019\u00fcn a\u00e7t\u0131\u011f\u0131 yolda g\u00f6sterdi\u011fi hedeflere durmadan, azimle y\u00fcr\u00fcyece\u011fimize,<\/p>\n<p align=\"center\">ilkelerinden asla taviz vermeyece\u011fimize s\u00f6z verdik.<\/p>\n","protected":false},"excerpt":{"rendered":"<p>\u201cK\u00fc\u00e7\u00fck Han\u0131mlar K\u00fc\u00e7\u00fck Beyler\u201d Sizler hepiniz gelece\u011fin bir g\u00fcl\u00fc, y\u0131ld\u0131z\u0131, bir mutluluk par\u0131lt\u0131s\u0131s\u0131n\u0131z. Memleketi as\u0131l ayd\u0131nl\u0131\u011fa bo\u011facak sizsiniz. Kendinizin ne kadar m\u00fchim, k\u0131ymetli oldu\u011funuzu d\u00fc\u015f\u00fcnerek, Ona g\u00f6re \u00e7al\u0131\u015f\u0131n\u0131z. Sizlerden \u00e7ok [&hellip;]<\/p>\n","protected":false},"author":1,"featured_media":0,"parent":0,"menu_order":0,"comment_status":"closed","ping_status":"closed","template":"template-noright.php","meta":[],"_links":{"self":[{"href":"https:\/\/obi.bilkent.edu.tr\/index.php\/wp-json\/wp\/v2\/pages\/261"}],"collection":[{"href":"https:\/\/obi.bilkent.edu.tr\/index.php\/wp-json\/wp\/v2\/pages"}],"about":[{"href":"https:\/\/obi.bilkent.edu.tr\/index.php\/wp-json\/wp\/v2\/types\/page"}],"author":[{"embeddable":true,"href":"https:\/\/obi.bilkent.edu.tr\/index.php\/wp-json\/wp\/v2\/users\/1"}],"replies":[{"embeddable":true,"href":"https:\/\/obi.bilkent.edu.tr\/index.php\/wp-json\/wp\/v2\/comments?post=261"}],"version-history":[{"count":1,"href":"https:\/\/obi.bilkent.edu.tr\/index.php\/wp-json\/wp\/v2\/pages\/261\/revisions"}],"predecessor-version":[{"id":262,"href":"https:\/\/obi.bilkent.edu.tr\/index.php\/wp-json\/wp\/v2\/pages\/261\/revisions\/262"}],"wp:attachment":[{"href":"https:\/\/obi.bilkent.edu.tr\/index.php\/wp-json\/wp\/v2\/media?parent=261"}],"curies":[{"name":"wp","href":"https:\/\/api.w.org\/{rel}","templated":true}]}}

BAŞÖĞRETMENİMİZ&#8217;DEN

<p><img decoding="async" style="padding-left: 5px;" src="../../images/basogretmen.jpg" width="300" align="left" /></p>
<p align="center"><strong>“Küçük Hanımlar Küçük Beyler”</strong><br />
Sizler hepiniz geleceğin bir gülü, yıldızı, bir mutluluk parıltısısınız.<br />
Memleketi asıl aydınlığa boğacak sizsiniz.<br />
Kendinizin ne kadar mühim, kıymetli olduğunuzu düşünerek,<br />
Ona göre çalışınız.<br />
Sizlerden çok şeyler bekliyoruz!</p>
<p align="center"><strong>M. Kemal ATATÜRK</strong><br />
<em>                                                                                  </em><br />
<em>                                   </em><br />
İhsan Doğramacı Vakfı Özel Bilkent İlkokulu, Ortaokulu ve Lisesi Öğretmen ve Öğrencileri olarak</p>
<p align="center">Ulu Önderimiz Atatürk’ün açtığı yolda gösterdiği hedeflere durmadan, azimle yürüyeceğimize,</p>
<p align="center">ilkelerinden asla taviz vermeyeceğimize söz verdik.</p>

<p>“Küçük Hanımlar Küçük Beyler” Sizler hepiniz geleceğin bir gülü, yıldızı, bir mutluluk parıltısısınız. Memleketi asıl aydınlığa boğacak sizsiniz. Kendinizin ne kadar mühim, kıymetli olduğunuzu düşünerek, Ona göre çalışınız. Sizlerden çok [&hellip;]</p>
