{"id":225,"date":"2023-07-01T09:24:29","date_gmt":"2023-07-01T06:24:29","guid":{"rendered":"https:\/\/obi.bilkent.edu.tr\/?page_id=225"},"modified":"2023-07-01T09:24:29","modified_gmt":"2023-07-01T06:24:29","slug":"kisisel-verilerin-islenmesi-korunmasi-ve-imhasi-politikasi","status":"publish","type":"page","link":"https:\/\/obi.bilkent.edu.tr\/index.php\/kisisel-verilerin-islenmesi-korunmasi-ve-imhasi-politikasi\/","title":{"rendered":"Ki\u015fisel Verilerin \u0130\u015flenmesi, Korunmas\u0131 ve \u0130mhas\u0131 Politikas\u0131"},"content":{"rendered":"","protected":false},"excerpt":{"rendered":"","protected":false},"author":1,"featured_media":0,"parent":0,"menu_order":0,"comment_status":"closed","ping_status":"closed","template":"","meta":[],"_links":{"self":[{"href":"https:\/\/obi.bilkent.edu.tr\/index.php\/wp-json\/wp\/v2\/pages\/225"}],"collection":[{"href":"https:\/\/obi.bilkent.edu.tr\/index.php\/wp-json\/wp\/v2\/pages"}],"about":[{"href":"https:\/\/obi.bilkent.edu.tr\/index.php\/wp-json\/wp\/v2\/types\/page"}],"author":[{"embeddable":true,"href":"https:\/\/obi.bilkent.edu.tr\/index.php\/wp-json\/wp\/v2\/users\/1"}],"replies":[{"embeddable":true,"href":"https:\/\/obi.bilkent.edu.tr\/index.php\/wp-json\/wp\/v2\/comments?post=225"}],"version-history":[{"count":1,"href":"https:\/\/obi.bilkent.edu.tr\/index.php\/wp-json\/wp\/v2\/pages\/225\/revisions"}],"predecessor-version":[{"id":226,"href":"https:\/\/obi.bilkent.edu.tr\/index.php\/wp-json\/wp\/v2\/pages\/225\/revisions\/226"}],"wp:attachment":[{"href":"https:\/\/obi.bilkent.edu.tr\/index.php\/wp-json\/wp\/v2\/media?parent=225"}],"curies":[{"name":"wp","href":"https:\/\/api.w.org\/{rel}","templated":true}]}}