{"id":213,"date":"2023-07-01T09:22:10","date_gmt":"2023-07-01T06:22:10","guid":{"rendered":"https:\/\/obi.bilkent.edu.tr\/?page_id=213"},"modified":"2025-01-09T10:35:55","modified_gmt":"2025-01-09T07:35:55","slug":"ise-baslama","status":"publish","type":"page","link":"https:\/\/obi.bilkent.edu.tr\/index.php\/ise-baslama\/","title":{"rendered":"\u0130\u015fe Ba\u015flama"},"content":{"rendered":"<p>\u00d6zel Bilkent \u0130lkokulu, Orta Okulu ve Lisesi \u0130nsan Kaynaklar\u0131 Birimi her t\u00fcrl\u00fc i\u015f ve i\u015flemlerde bireyin \u00f6zel olma durumunu dikkate almaktad\u0131r. Kurumumuz i\u015f ba\u015fvurusunda bulunan adaylar\u0131n ki\u015fili\u011fi, kimlik bilgileri ve \u00e7al\u0131\u015fma anlay\u0131\u015flar\u0131na dair daha \u00f6nceki kurumdan \u015fahs\u0131n izni olmadan asla referans alma ve bilgi toplama giri\u015fiminde bulunmaz. T\u00fcm ba\u015fvurular gizlilik esas\u0131na g\u00f6re i\u015flem g\u00f6r\u00fcr ve tamamlan\u0131r.<\/p>\n<p>\u0130\u015fba\u015fvurusunda bulunan adayla ilgili olarak;<\/p>\n<p>* Her t\u00fcrl\u00fc cinsiyet, ya\u015f, \u0131rk , dil, din, renk, milliyet, etnik k\u00f6ken ayr\u0131mc\u0131l\u0131\u011f\u0131 yap\u0131lmaz.<\/p>\n<p>*De\u011ferlendirmelerde aday\u0131n hangi okullar\u0131 bitirdi\u011fi, \u00f6\u011frencilik ge\u00e7mi\u015fi, (varsa) mesleki deneyimi, insan ili\u015fkilerinde sergiledi\u011fi duru\u015f, ekip \u00e7al\u0131\u015fmas\u0131na olan yatk\u0131nl\u0131\u011f\u0131, ileti\u015fim donan\u0131m\u0131, T\u00fcrk\u00e7e&#8217;yi veya yabanc\u0131 dili kullanma kalitesi, s\u00f6zl\u00fc ve yaz\u0131l\u0131 ileti\u015fim becerileri ve teknoloji okuryazarl\u0131\u011f\u0131 bir b\u00fct\u00fcn olarak ele al\u0131n\u0131r.<\/p>\n<p>* Mesleki deneyimi olmayan gen\u00e7 insanlar\u0131n istihdam edilmesi konusunda kurumun bir \u00f6nyarg\u0131s\u0131 bulunmamaktad\u0131r.<\/p>\n<p>* Ba\u015fvuru formunun t\u00fcm sorular\u0131n\u0131n eksiksiz yan\u0131tlanmas\u0131 ve bir adet foto\u011fraf\u0131n forma ili\u015ftirilmesi gerekmektedir.<\/p>\n<p>* Ba\u015fvuru esnas\u0131nda en az iki referans\u0131n bildirilmesi zorunludur.<\/p>\n<p>* Varsa tavsiye mektuplar\u0131 ba\u015fvuru formu ile birlikte kuruma teslim edilmelidir.<\/p>\n<p>* Referans veya tavsiye mektuplar\u0131n\u0131n ba\u015fvuru sahibiyle akrabal\u0131k derecesinin olmamas\u0131 \u00f6nem arz eder.<\/p>\n<p>* \u00d6zel Bilkent \u0130lkokulu, Orta Okulu ve Lisesi&#8217;ne y\u0131l\u0131n her d\u00f6neminde ba\u015fvuru yap\u0131labilmekte ve ba\u015fvurular B\u0130R y\u0131l s\u00fcreyle muhafaza edilmektedir.<\/p>\n<p>* Kurumun uzun d\u00f6nemli istihdam politikas\u0131ndan dolay\u0131 son derece k\u0131s\u0131tl\u0131 say\u0131da ki\u015fiye ihtiya\u00e7 duyulmakta, baz\u0131 g\u00f6revler i\u00e7in uzun d\u00f6nem bir ihtiya\u00e7 olu\u015fmayabilmektedir.<\/p>\n<p>* T\u00fcm ba\u015fvuru sahiplerine, okulun olumlu veya olumsuz karar\u0131 resmi olarak iletilmektedir.<\/p>\n<p>Her e\u011fitim-\u00f6\u011fretim y\u0131l\u0131n\u0131n ba\u015f\u0131nda yeni meslekta\u015flar\u0131m\u0131za ho\u015f geldin demek ve yeni konumlar\u0131na al\u0131\u015fmalar\u0131nda onlara destek olmak i\u00e7in bir i\u015fe ba\u015flama program\u0131 uygulan\u0131r. Program bir g\u00fcn s\u00fcrer ve yeni meslekta\u015flar\u0131m\u0131zla okul aras\u0131nda yap\u0131c\u0131 bir diyalog ba\u015flatmak i\u00e7in m\u00fckemmel bir f\u0131rsat sunar.<\/p>\n<p style=\"font-weight: bolder; color: #069;\">AMA\u00c7 :<\/p>\n<p>* Okulu, misyonunu ve programlar\u0131n\u0131 kat\u0131l\u0131mc\u0131lara tan\u0131tmak<br \/>\n* \u00d6\u011fretim ve \u00f6\u011frenimin nas\u0131l d\u00fczenlendi\u011fini g\u00f6stermek<br \/>\n* Okuldaki i\u015flemler ve politikalar\u0131n anahatlar\u0131n\u0131 sunmak<br \/>\n* T\u00fcm okulu ilgilendiren konular\u0131n ele al\u0131nmas\u0131 i\u00e7in f\u0131rsat yaratmak<\/p>\n<p style=\"font-weight: bolder; color: #069;\">KONU :<\/p>\n<p>* Okullara ili\u015fkin sunum (misyon, yap\u0131, roller, s\u0131n\u0131f sistemi)<br \/>\n* Okuldan beklentiler (g\u00f6rev tan\u0131mlar\u0131, duygular\u0131 dile getirme, i\u015fbirli\u011fi, sorun \u00e7\u00f6zme)<br \/>\n* \u00d6\u011fretmen g\u00f6revleri<br \/>\n* Disiplin politikas\u0131 ve konular\u0131<br \/>\n* \u0130stihdamla ilgili genel artalan bilgileri<br \/>\n* Okul ve kampus turu<\/p>\n<p>&nbsp;<\/p>\n<p>&nbsp;<\/p>\n","protected":false},"excerpt":{"rendered":"<p>\u00d6zel Bilkent \u0130lkokulu, Orta Okulu ve Lisesi \u0130nsan Kaynaklar\u0131 Birimi her t\u00fcrl\u00fc i\u015f ve i\u015flemlerde bireyin \u00f6zel olma durumunu dikkate almaktad\u0131r. Kurumumuz i\u015f ba\u015fvurusunda bulunan adaylar\u0131n ki\u015fili\u011fi, kimlik bilgileri ve [&hellip;]<\/p>\n","protected":false},"author":1,"featured_media":0,"parent":0,"menu_order":0,"comment_status":"closed","ping_status":"closed","template":"template-noright.php","meta":[],"_links":{"self":[{"href":"https:\/\/obi.bilkent.edu.tr\/index.php\/wp-json\/wp\/v2\/pages\/213"}],"collection":[{"href":"https:\/\/obi.bilkent.edu.tr\/index.php\/wp-json\/wp\/v2\/pages"}],"about":[{"href":"https:\/\/obi.bilkent.edu.tr\/index.php\/wp-json\/wp\/v2\/types\/page"}],"author":[{"embeddable":true,"href":"https:\/\/obi.bilkent.edu.tr\/index.php\/wp-json\/wp\/v2\/users\/1"}],"replies":[{"embeddable":true,"href":"https:\/\/obi.bilkent.edu.tr\/index.php\/wp-json\/wp\/v2\/comments?post=213"}],"version-history":[{"count":2,"href":"https:\/\/obi.bilkent.edu.tr\/index.php\/wp-json\/wp\/v2\/pages\/213\/revisions"}],"predecessor-version":[{"id":299,"href":"https:\/\/obi.bilkent.edu.tr\/index.php\/wp-json\/wp\/v2\/pages\/213\/revisions\/299"}],"wp:attachment":[{"href":"https:\/\/obi.bilkent.edu.tr\/index.php\/wp-json\/wp\/v2\/media?parent=213"}],"curies":[{"name":"wp","href":"https:\/\/api.w.org\/{rel}","templated":true}]}}