{"id":211,"date":"2023-07-01T09:21:58","date_gmt":"2023-07-01T06:21:58","guid":{"rendered":"https:\/\/obi.bilkent.edu.tr\/?page_id=211"},"modified":"2025-01-09T10:35:13","modified_gmt":"2025-01-09T07:35:13","slug":"calisma-sartlari","status":"publish","type":"page","link":"https:\/\/obi.bilkent.edu.tr\/index.php\/calisma-sartlari\/","title":{"rendered":"\u00c7al\u0131\u015fma \u015eartlar\u0131"},"content":{"rendered":"<p style=\"font-weight: bolder; color: #069;\">\u0130DV \u00d6ZEL B\u0130LKENT \u0130LK\u00d6\u011eRET\u0130M OKULU\u2019NDA \u00d6\u011eRETMENLER\u0130N \u00c7ALI\u015eMA \u015eARTLARI<\/p>\n<p style=\"font-weight: bolder;\">\u00d6zl\u00fck Haklar\u0131 Olarak;<\/p>\n<p>*12 ay kesintisiz maa\u015f al\u0131nmas\u0131,<br \/>\n*Ocak ve Temmuz aylar\u0131nda \u00fcniversitemizin karar verdi\u011fi oranda maa\u015f art\u0131\u015f\u0131,<br \/>\n*Okulda \u00fccretsiz olarak \u00f6\u011fle yeme\u011fi ve ikindi kahvalt\u0131s\u0131 hizmetinin al\u0131nmas\u0131,<br \/>\n*Kendileri ve aileleri i\u00e7in \u00f6zel sa\u011fl\u0131k sigortas\u0131ndan yararlan\u0131lmas\u0131,<br \/>\n*Haftan\u0131n her g\u00fcn\u00fc okulumuzda hem\u015fire ve haftada 2 g\u00fcn doktor\u00a0kanal\u0131yla sa\u011fl\u0131k hizmeti al\u0131nmas\u0131,<br \/>\n*Okul ve \u00dcniversite servislerinden yararlan\u0131lmas\u0131 ve ula\u015f\u0131mlar\u0131n\u0131n \u00fccretsiz sa\u011flanmas\u0131.<br \/>\n<!--\n\n\n<p style=\"color: #f00;\">\u00d6zl\u00fck Haklar\u0131 Uygulama Esaslar\u0131 i\u00e7in l\u00fctfen <a href=\"https:\/\/obi.bilkent.edu.tr\/formlar\/ozluk.pdf\" target=\"_blank\" rel=\"noopener\">TIKLAYINIZ.<\/a><\/p>\n\n\n--><\/p>\n<p style=\"font-weight: bolder;\">Akademik Olarak;<\/p>\n<p>*Yeni kat\u0131lan \u00f6\u011fretmenler i\u00e7in uyum semineri haz\u0131rlanmas\u0131,<br \/>\n*\u00d6\u011fretim y\u0131l\u0131 ba\u015f\u0131nda ve sonunda \u00e7e\u015fitli hizmeti\u00e7i e\u011fitim seminerleri verilmesi,<br \/>\n*E\u011fitim-\u00d6\u011fretim y\u0131l\u0131 boyunca g\u00f6rev ba\u015f\u0131nda Profesyonel Geli\u015fim Ekibi ve alan uzmanlar\u0131 taraf\u0131ndan hizmeti\u00e7i e\u011fitim deste\u011fi verilmesi,<br \/>\n*Uluslararas\u0131 \u00d6\u011fretim Programlar\u0131 (PYP, MYP, IB DP) do\u011frultusunda hizmeti\u00e7i e\u011fitimlerin verilmesi,<br \/>\n*Okul i\u00e7inde ve \u00dcniversite taraf\u0131ndan d\u00fczenlenen kurslara kat\u0131l\u0131m olana\u011f\u0131 sa\u011flanmas\u0131,<br \/>\n-\u0130ngilizce<br \/>\n-Bilgisayar<br \/>\n-Moodle E\u011fitimi<br \/>\n-\u0130\u015f Sa\u011fl\u0131\u011f\u0131 ve G\u00fcvenli\u011fi E\u011fitimleri<\/p>\n<p>*\u00dcniversitemizin E\u011fitim Bilimleri Fak\u00fcltesi\u2019nde Master ve Doktora programlar\u0131na kat\u0131l\u0131m olana\u011f\u0131 sa\u011flanmas\u0131,<br \/>\n*\u0130l i\u00e7i, il d\u0131\u015f\u0131 ve yurt d\u0131\u015f\u0131 hizmeti\u00e7i e\u011fitim seminerlerine sunum ile kat\u0131l\u0131m olana\u011f\u0131 sa\u011flanmas\u0131,<\/p>\n","protected":false},"excerpt":{"rendered":"<p>\u0130DV \u00d6ZEL B\u0130LKENT \u0130LK\u00d6\u011eRET\u0130M OKULU\u2019NDA \u00d6\u011eRETMENLER\u0130N \u00c7ALI\u015eMA \u015eARTLARI \u00d6zl\u00fck Haklar\u0131 Olarak; *12 ay kesintisiz maa\u015f al\u0131nmas\u0131, *Ocak ve Temmuz aylar\u0131nda \u00fcniversitemizin karar verdi\u011fi oranda maa\u015f art\u0131\u015f\u0131, *Okulda \u00fccretsiz olarak \u00f6\u011fle [&hellip;]<\/p>\n","protected":false},"author":1,"featured_media":0,"parent":0,"menu_order":0,"comment_status":"closed","ping_status":"closed","template":"template-noright.php","meta":[],"_links":{"self":[{"href":"https:\/\/obi.bilkent.edu.tr\/index.php\/wp-json\/wp\/v2\/pages\/211"}],"collection":[{"href":"https:\/\/obi.bilkent.edu.tr\/index.php\/wp-json\/wp\/v2\/pages"}],"about":[{"href":"https:\/\/obi.bilkent.edu.tr\/index.php\/wp-json\/wp\/v2\/types\/page"}],"author":[{"embeddable":true,"href":"https:\/\/obi.bilkent.edu.tr\/index.php\/wp-json\/wp\/v2\/users\/1"}],"replies":[{"embeddable":true,"href":"https:\/\/obi.bilkent.edu.tr\/index.php\/wp-json\/wp\/v2\/comments?post=211"}],"version-history":[{"count":3,"href":"https:\/\/obi.bilkent.edu.tr\/index.php\/wp-json\/wp\/v2\/pages\/211\/revisions"}],"predecessor-version":[{"id":298,"href":"https:\/\/obi.bilkent.edu.tr\/index.php\/wp-json\/wp\/v2\/pages\/211\/revisions\/298"}],"wp:attachment":[{"href":"https:\/\/obi.bilkent.edu.tr\/index.php\/wp-json\/wp\/v2\/media?parent=211"}],"curies":[{"name":"wp","href":"https:\/\/api.w.org\/{rel}","templated":true}]}}