{"id":207,"date":"2023-07-01T09:21:24","date_gmt":"2023-07-01T06:21:24","guid":{"rendered":"https:\/\/obi.bilkent.edu.tr\/?page_id=207"},"modified":"2026-01-19T09:19:40","modified_gmt":"2026-01-19T06:19:40","slug":"turk-ogretmen-alimi","status":"publish","type":"page","link":"https:\/\/obi.bilkent.edu.tr\/index.php\/turk-ogretmen-alimi\/","title":{"rendered":"T\u00fcrk \u00d6\u011fretmen Al\u0131m\u0131"},"content":{"rendered":"<p style=\"text-align: center;\"><strong>\u0130HSAN DO\u011eRAMACI VAKFI<\/strong><br \/>\n<strong>\u00d6ZEL B\u0130LKENT \u0130LKOKULU, ORTAOKULU VE L\u0130SES\u0130<\/strong><br \/>\n<strong>Uluslararas\u0131 Bakalorya D\u00fcnya S\u00fcreklilik (PYP, MYP, DP) Okullar\u0131<\/strong><\/p>\n<p>&nbsp;<\/p>\n<p style=\"text-align: center;\"><span style=\"color: #0000ff;\"><strong>2026-2027 \u00d6\u011eRET\u0130M YILI \u2013 \u00d6\u011eRETMEN ALIMI<\/strong><\/span><\/p>\n<p><strong>\u00a0<\/strong>Se\u00e7kin bir e\u011fitim &#8211; \u00f6\u011fretim ortam\u0131nda, deneyimli \u00f6\u011fretim kadrosu ile disiplinler aras\u0131 anlay\u0131\u015fla farkl\u0131 becerilerin kazand\u0131r\u0131ld\u0131\u011f\u0131, uluslararas\u0131 e\u011fitim-\u00f6\u011fretim programlar\u0131ndan \u0130lk Y\u0131llar Program\u0131 (PYP) ,Orta Y\u0131llar Program\u0131 (MYP) ve Uluslararas\u0131 Bakalorya Diploma Program\u0131 (DP) uygulayan ve D\u00fcnya Okulu stat\u00fcs\u00fcn\u00fc kazanm\u0131\u015f olan, 5. s\u0131n\u0131fta yo\u011funla\u015ft\u0131r\u0131lm\u0131\u015f \u0130ngilizce e\u011fitimi vererek, t\u00fcm s\u0131navlarda \u00fcst d\u00fczey ba\u015far\u0131 hedefleyerek \u00f6\u011frencileri gelece\u011fe haz\u0131rlayan, ve 31 y\u0131ld\u0131r e\u011fitim d\u00fcnyas\u0131nda sayg\u0131n yerini koruyan \u00a0okullar\u0131m\u0131za a\u015fa\u011f\u0131da belirtilen bran\u015flarda \u00f6\u011fretmen al\u0131nacakt\u0131r.<\/p>\n<p><span style=\"color: #ff0000;\"><strong>ALIM S\u00dcREC\u0130M\u0130Z KAPSAMINDA T\u00dcM BRAN\u015eLARDAN BA\u015eVURU KABUL ED\u0130LECEK OLUP, A\u015eA\u011eIDA BEL\u0130RT\u0130LEN BRAN\u015eLARA \u00d6NCEL\u0130K VER\u0130LECEKT\u0130R. <\/strong><\/span><\/p>\n<p>&nbsp;<\/p>\n<p><strong><span style=\"color: #0000ff;\">\u00d6NCEL\u0130K VER\u0130LECEK BRAN\u015eLAR:<\/span><\/strong><\/p>\n<p>*S\u0131n\u0131f \u00d6\u011fretmeni<\/p>\n<p>*Beden E\u011fitimi \u00d6\u011fretmeni<\/p>\n<p>*T\u00fcrk Dili ve Edebiyat \u00d6\u011fretmeni<\/p>\n<p>*Psikolojik Dan\u0131\u015fmanl\u0131k ve Rehberlik \u00d6\u011fretmeni (Tercihen \u0130ngilizce bilen)<\/p>\n<p>*Din K\u00fclt\u00fcr\u00fc ve Ahlak Bilgisi \u00d6\u011fretmeni<\/p>\n<p><strong>\u00a0<\/strong><\/p>\n<p><span style=\"color: #0000ff;\"><strong>BA\u015eVURU YAPACAK OLAN T\u00dcRK \u00d6\u011eRETMEN ADAYLARINDA ARANAN \u00d6ZELL\u0130KLER:<\/strong><\/span><\/p>\n<p>* \u00dcniversitelerin 4 y\u0131ll\u0131k lisans b\u00f6l\u00fcm\u00fc mezunu olmak,<\/p>\n<p>* Pedagojik Formasyona sahip olmak,<\/p>\n<p>* En az 5 y\u0131ll\u0131k deneyime sahip olmak,<\/p>\n<p>* Erkek adaylar i\u00e7in askerlik g\u00f6revini yapm\u0131\u015f olmak,<\/p>\n<p>* IB programlar\u0131n\u0131n e\u011fitimini alm\u0131\u015f ve uygulam\u0131\u015f olmak,<\/p>\n<p>&nbsp;<\/p>\n<p><span style=\"color: #ff6600;\"><strong><u>BA\u015eVURULAR \u0130\u00c7\u0130N:<\/u><\/strong><\/span><\/p>\n<p><a href=\"http:\/\/www.obi.bilkent.edu.tr\">www.obi.bilkent.edu.tr<\/a> ana sayfas\u0131nda yer alan \u201c\u00d6\u011fretmen Al\u0131mlar\u0131\u201d b\u00f6l\u00fcm\u00fcnde bulunan \u0130\u015f Ba\u015fvuru Formunu doldurarak <a href=\"mailto:oblik@bilkent.edu.tr\">oblik@bilkent.edu.tr<\/a> e-posta ile g\u00f6nderilmesi gerekmektedir. G\u00f6ndermi\u015f oldu\u011funuz \u0130\u015f Ba\u015fvuru Formlar\u0131 Ki\u015fisel Verilerin Korunmas\u0131 Kanunu (KVKK) Kapsam\u0131nda i\u015flenecek ve imha edilecektir.<\/p>\n<p><em>\u00a0<\/em><em><span style=\"color: #000000;\"><strong>Not<\/strong>:<\/span> CV ile yap\u0131lan ba\u015fvurular de\u011ferlendirmeye al\u0131nmamaktad\u0131r. I\u015f Ba\u015fvuru Formunda yer alan bilgilerin hatal\u0131, eksik ya da ger\u00e7ek d\u0131\u015f\u0131 olmas\u0131ndan do\u011fan KVKK da dahil her t\u00fcrl\u00fc hukuki ve cezai sorumluluk i\u015f ba\u015fvurusuna yapan ki\u015fiye aittir.<\/em><\/p>\n<p>&nbsp;<\/p>\n","protected":false},"excerpt":{"rendered":"<p>\u0130HSAN DO\u011eRAMACI VAKFI \u00d6ZEL B\u0130LKENT \u0130LKOKULU, ORTAOKULU VE L\u0130SES\u0130 Uluslararas\u0131 Bakalorya D\u00fcnya S\u00fcreklilik (PYP, MYP, DP) Okullar\u0131 &nbsp; 2026-2027 \u00d6\u011eRET\u0130M YILI \u2013 \u00d6\u011eRETMEN ALIMI \u00a0Se\u00e7kin bir e\u011fitim &#8211; \u00f6\u011fretim ortam\u0131nda, [&hellip;]<\/p>\n","protected":false},"author":2,"featured_media":0,"parent":0,"menu_order":-1,"comment_status":"closed","ping_status":"closed","template":"template-noright.php","meta":[],"_links":{"self":[{"href":"https:\/\/obi.bilkent.edu.tr\/index.php\/wp-json\/wp\/v2\/pages\/207"}],"collection":[{"href":"https:\/\/obi.bilkent.edu.tr\/index.php\/wp-json\/wp\/v2\/pages"}],"about":[{"href":"https:\/\/obi.bilkent.edu.tr\/index.php\/wp-json\/wp\/v2\/types\/page"}],"author":[{"embeddable":true,"href":"https:\/\/obi.bilkent.edu.tr\/index.php\/wp-json\/wp\/v2\/users\/2"}],"replies":[{"embeddable":true,"href":"https:\/\/obi.bilkent.edu.tr\/index.php\/wp-json\/wp\/v2\/comments?post=207"}],"version-history":[{"count":24,"href":"https:\/\/obi.bilkent.edu.tr\/index.php\/wp-json\/wp\/v2\/pages\/207\/revisions"}],"predecessor-version":[{"id":549,"href":"https:\/\/obi.bilkent.edu.tr\/index.php\/wp-json\/wp\/v2\/pages\/207\/revisions\/549"}],"wp:attachment":[{"href":"https:\/\/obi.bilkent.edu.tr\/index.php\/wp-json\/wp\/v2\/media?parent=207"}],"curies":[{"name":"wp","href":"https:\/\/api.w.org\/{rel}","templated":true}]}}