{"id":169,"date":"2023-06-13T11:40:38","date_gmt":"2023-06-13T08:40:38","guid":{"rendered":"https:\/\/obi.bilkent.edu.tr\/?page_id=169"},"modified":"2025-09-24T10:52:32","modified_gmt":"2025-09-24T07:52:32","slug":"erken-cocukluk-ve-ilkokul","status":"publish","type":"page","link":"https:\/\/obi.bilkent.edu.tr\/index.php\/erken-cocukluk-ve-ilkokul\/","title":{"rendered":"Erken \u00c7ocukluk ve \u0130lkokul"},"content":{"rendered":"<p style=\"text-align: left;\">Sn. Naile MET\u0130N ve Sn. Suzan ATABEY AKBA\u015e; okul m\u00fcd\u00fcrl\u00fc\u011f\u00fcne ba\u011fl\u0131 olarak e\u011fitim ve \u00f6\u011fretim d\u00f6nemlerine ait program ve planlamalar\u0131, duyurular\u0131 yapar, \u00f6\u011frenci kay\u0131t ve kay\u0131t yenileme i\u015flemlerini ger\u00e7ekle\u015ftirir, \u00f6\u011frenci ve veli bilgilerini kay\u0131t alt\u0131nda tutar ve gerekli g\u00fcncellemeleri yapar. M\u00fcd\u00fcr yard\u0131mc\u0131lar\u0131m\u0131za asistanl\u0131k yapar. Veliler ile randevular\u0131 pl\u00e2nlar, yaz\u0131\u015fmalar\u0131n\u0131 yapar. Ayn\u0131 zamanda t\u00fcm seviyelerde haftal\u0131k program\u0131n y\u00fcr\u00fct\u00fclmesine destek verir.<\/p>\n<p>\u00a0 \u00a0 \u00a0 \u00a0 \u00a0 \u00a0 \u00a0 <img decoding=\"async\" loading=\"lazy\" class=\"alignnone \" src=\"https:\/\/www.obi.bilkent.edu.tr\/images\/Naile.jpg\" width=\"383\" height=\"255\" \/><img decoding=\"async\" loading=\"lazy\" class=\"alignnone \" src=\"https:\/\/www.obi.bilkent.edu.tr\/images\/Suzan.jpg\" width=\"317\" height=\"429\" \/><\/p>\n<p style=\"text-align: center;\">\u00a0 \u00a0 \u00a0 \u00a0 \u00a0Naile MET\u0130N\u00a0 \u00a0 \u00a0 \u00a0 \u00a0 \u00a0 \u00a0 \u00a0 \u00a0 \u00a0 \u00a0 \u00a0 \u00a0 \u00a0 \u00a0 \u00a0 \u00a0 \u00a0 \u00a0 \u00a0 \u00a0 \u00a0 \u00a0 \u00a0 \u00a0 \u00a0 \u00a0 \u00a0 \u00a0 \u00a0 \u00a0 \u00a0 \u00a0 \u00a0 \u00a0 \u00a0 \u00a0 \u00a0 \u00a0 \u00a0Suzan ATABEY AKBA\u015e<br \/>\nE-posta: <a href=\"mailto:nailemetin@bilkent.edu.tr\">nailemetin@bilkent.edu.tr\u00a0 \u00a0<\/a>\u00a0 \u00a0 \u00a0 \u00a0 \u00a0 \u00a0 \u00a0 \u00a0 \u00a0 \u00a0 \u00a0 \u00a0 \u00a0 \u00a0 \u00a0 \u00a0 \u00a0 \u00a0 \u00a0 \u00a0 E-posta: <a href=\"mailto:suzan.akbas@bilkent.edu.tr\">suzan.akbas@bilkent.edu.tr<\/a><br \/>\nTel: 290 83 44\u00a0 \u00a0 \u00a0 \u00a0 \u00a0 \u00a0 \u00a0 \u00a0 \u00a0 \u00a0 \u00a0 \u00a0 \u00a0 \u00a0 \u00a0 \u00a0 \u00a0 \u00a0 \u00a0 \u00a0 \u00a0 \u00a0 \u00a0 \u00a0 \u00a0 \u00a0 \u00a0 \u00a0 \u00a0 \u00a0 \u00a0 \u00a0 \u00a0 \u00a0 \u00a0 \u00a0 \u00a0 \u00a0 \u00a0 \u00a0 Tel: 290 83 33<\/p>\n","protected":false},"excerpt":{"rendered":"<p>Sn. Naile MET\u0130N ve Sn. Suzan ATABEY AKBA\u015e; okul m\u00fcd\u00fcrl\u00fc\u011f\u00fcne ba\u011fl\u0131 olarak e\u011fitim ve \u00f6\u011fretim d\u00f6nemlerine ait program ve planlamalar\u0131, duyurular\u0131 yapar, \u00f6\u011frenci kay\u0131t ve kay\u0131t yenileme i\u015flemlerini ger\u00e7ekle\u015ftirir, \u00f6\u011frenci [&hellip;]<\/p>\n","protected":false},"author":1,"featured_media":0,"parent":0,"menu_order":0,"comment_status":"closed","ping_status":"closed","template":"template-noright.php","meta":[],"_links":{"self":[{"href":"https:\/\/obi.bilkent.edu.tr\/index.php\/wp-json\/wp\/v2\/pages\/169"}],"collection":[{"href":"https:\/\/obi.bilkent.edu.tr\/index.php\/wp-json\/wp\/v2\/pages"}],"about":[{"href":"https:\/\/obi.bilkent.edu.tr\/index.php\/wp-json\/wp\/v2\/types\/page"}],"author":[{"embeddable":true,"href":"https:\/\/obi.bilkent.edu.tr\/index.php\/wp-json\/wp\/v2\/users\/1"}],"replies":[{"embeddable":true,"href":"https:\/\/obi.bilkent.edu.tr\/index.php\/wp-json\/wp\/v2\/comments?post=169"}],"version-history":[{"count":9,"href":"https:\/\/obi.bilkent.edu.tr\/index.php\/wp-json\/wp\/v2\/pages\/169\/revisions"}],"predecessor-version":[{"id":507,"href":"https:\/\/obi.bilkent.edu.tr\/index.php\/wp-json\/wp\/v2\/pages\/169\/revisions\/507"}],"wp:attachment":[{"href":"https:\/\/obi.bilkent.edu.tr\/index.php\/wp-json\/wp\/v2\/media?parent=169"}],"curies":[{"name":"wp","href":"https:\/\/api.w.org\/{rel}","templated":true}]}}