{"id":13,"date":"2023-04-05T14:24:28","date_gmt":"2023-04-05T11:24:28","guid":{"rendered":"https:\/\/obi.bilkent.edu.tr\/?page_id=13"},"modified":"2026-09-04T08:22:37","modified_gmt":"2026-09-04T05:22:37","slug":"deneme","status":"publish","type":"page","link":"https:\/\/obi.bilkent.edu.tr\/","title":{"rendered":"DUYURU"},"content":{"rendered":"<p style=\"text-align: left;\"><img decoding=\"async\" src=\"..\/..\/images\/im.png\" width=\"15\" \/> De\u011ferli Velilerimiz,<br \/>\n2026-2027 E\u011fitim \u00d6\u011fretim Y\u0131l\u0131 hafta i\u00e7i okul sonras\u0131 (16.00-17.30) ve hafta sonu Cumartesi (09.00-17.00) ger\u00e7ekle\u015ftirilecek etkinliklerimizin planlama \u00e7al\u0131\u015fmalar\u0131na ba\u015fl\u0131yoruz.<br \/>\nEtkinliklerin kay\u0131t tarihi 07.09.2026 Pazartesi g\u00fcn\u00fc saat 20.00 da ba\u015flay\u0131p 10.09.2026 Per\u015fembe g\u00fcn\u00fc saat 17.00 da sona erecektir.<br \/>\nYeni d\u00f6nemde a\u00e7\u0131lacak etkinliklerimizi \u00f6\u011frencilerimizin ilgi, merak ve geli\u015fim alanlar\u0131na hitap eder \u015fekilde se\u00e7menizi ve kay\u0131t i\u015flemini tamamlaman\u0131z\u0131 rica ederiz.<br \/>\nEtkinliklerimizle ilgili detayl\u0131 bilgilendirme i\u00e7in <a href=\"https:\/\/obi.bilkent.edu.tr\/index.php\/hafta-ici-ve-hafta-sonu-etkinliklerimiz\/\">t\u0131klay\u0131n\u0131z.\u00a0<\/a><\/p>\n<p><img decoding=\"async\" src=\"..\/..\/images\/im.png\" width=\"15\" \/> 2026 &#8211; 2027 E\u011fitim y\u0131l\u0131<a href=\"http:\/\/www.obi.bilkent.edu.tr\/formlar\/2627ooveilkkitap.pdf\" target=\"_blank\" rel=\"noopener\"> okul\u00f6ncesi ve ilkokul kitaplar\u0131,<\/a><a href=\"\/\/www.obi.bilkent.edu.tr\/formlar\/2627ortakitap.pdf\" target=\"_blank\" rel=\"noopener\"> ortaokul kitaplar\u0131.<\/a><\/p>\n<p style=\"font-size: 14px;\"><img decoding=\"async\" src=\"..\/..\/images\/im.png\" width=\"15\" \/> <a href=\"http:\/\/www.ortaweb.bilkent.edu.tr\/formlar\/isgunu2627.pdf\" target=\"_blank\" rel=\"noopener\"> 2026 &#8211; 2027 E\u011fitim-\u00d6\u011fretim Y\u0131l\u0131 \u0130\u015f G\u00fcn\u00fc Takvimimiz<\/a><\/p>\n<p><img decoding=\"async\" src=\"..\/..\/images\/im.png\" width=\"15\" \/> Okulumuz okul \u00f6ncesi 1 (5 ya\u015f) ve okul \u00f6ncesi 2 (6 ya\u015f) \u00f6\u011frenci al\u0131m\u0131 hakk\u0131nda bilgi i\u00e7in <a href=\"https:\/\/ilkweb.bilkent.edu.tr\/index.php\/ogrenci-basvurulari\/\" target=\"_blank\" rel=\"noopener\"> t\u0131klay\u0131n\u0131z.<\/a><\/p>\n<p style=\"text-align: left;\"><img decoding=\"async\" src=\"..\/..\/images\/im.png\" width=\"15\" \/> 2026 &#8211; 2027 Okul \u00f6ncesi e\u011fitim \u00fccreti bilgilendirme i\u00e7in<a href=\"https:\/\/obi.bilkent.edu.tr\/index.php\/mali-ve-idari-isler\"> t\u0131klay\u0131n\u0131z.<\/a><\/p>\n<p><img decoding=\"async\" src=\"..\/..\/images\/im.png\" width=\"15\" \/> <a href=\"https:\/\/obi.bilkent.edu.tr\/formlar\/suanaliz2026.pdf\" target=\"_blank\" rel=\"noopener\"> Okullar\u0131m\u0131zdaki Su Sebillerinin Analiz Raporlar\u0131<\/a><\/p>\n<p style=\"font-size: 14px;\"><img decoding=\"async\" src=\"..\/..\/images\/im.png\" width=\"15\" \/> &#8220;2025 -2026 e\u011fitim \u00f6\u011fretim y\u0131l\u0131 i\u00e7in \u00fccretsiz \u00f6\u011frenci ba\u015fvurular\u0131&#8221; <a href=\"https:\/\/obi.bilkent.edu.tr\/formlar\/ucretsiz.pdf\" target=\"_blank\" rel=\"noopener\">t\u0131klay\u0131n\u0131z.<\/a><\/p>\n<p style=\"font-size: 14px;\"><img decoding=\"async\" src=\"..\/..\/images\/im.png\" width=\"15\" \/> <a href=\"https:\/\/obi.bilkent.edu.tr\/index.php\/okul-kiyafeti\/\" rel=\"noopener\"> 2026 &#8211; 2027 E\u011fitim-\u00d6\u011fretim Y\u0131l\u0131 K\u0131yafet hakk\u0131nda bilgilendirme.<\/a><\/p>\n<p style=\"font-size: 14px;\"><img decoding=\"async\" src=\"..\/..\/images\/im.png\" width=\"15\" \/><a href=\"https:\/\/drive.google.com\/file\/d\/1vztcGcughd9J92tTJgUvEOwxJOsaxuuP\/view?usp=sharing\" target=\"_blank\" rel=\"noopener\"> Okulumuzdan G\u00f6r\u00fcnt\u00fcler<\/a><\/p>\n","protected":false},"excerpt":{"rendered":"<p>De\u011ferli Velilerimiz, 2026-2027 E\u011fitim \u00d6\u011fretim Y\u0131l\u0131 hafta i\u00e7i okul sonras\u0131 (16.00-17.30) ve hafta sonu Cumartesi (09.00-17.00) ger\u00e7ekle\u015ftirilecek etkinliklerimizin planlama \u00e7al\u0131\u015fmalar\u0131na ba\u015fl\u0131yoruz. Etkinliklerin kay\u0131t tarihi 07.09.2026 Pazartesi g\u00fcn\u00fc saat 20.00 da [&hellip;]<\/p>\n","protected":false},"author":1,"featured_media":0,"parent":0,"menu_order":0,"comment_status":"closed","ping_status":"closed","template":"","meta":[],"_links":{"self":[{"href":"https:\/\/obi.bilkent.edu.tr\/index.php\/wp-json\/wp\/v2\/pages\/13"}],"collection":[{"href":"https:\/\/obi.bilkent.edu.tr\/index.php\/wp-json\/wp\/v2\/pages"}],"about":[{"href":"https:\/\/obi.bilkent.edu.tr\/index.php\/wp-json\/wp\/v2\/types\/page"}],"author":[{"embeddable":true,"href":"https:\/\/obi.bilkent.edu.tr\/index.php\/wp-json\/wp\/v2\/users\/1"}],"replies":[{"embeddable":true,"href":"https:\/\/obi.bilkent.edu.tr\/index.php\/wp-json\/wp\/v2\/comments?post=13"}],"version-history":[{"count":70,"href":"https:\/\/obi.bilkent.edu.tr\/index.php\/wp-json\/wp\/v2\/pages\/13\/revisions"}],"predecessor-version":[{"id":619,"href":"https:\/\/obi.bilkent.edu.tr\/index.php\/wp-json\/wp\/v2\/pages\/13\/revisions\/619"}],"wp:attachment":[{"href":"https:\/\/obi.bilkent.edu.tr\/index.php\/wp-json\/wp\/v2\/media?parent=13"}],"curies":[{"name":"wp","href":"https:\/\/api.w.org\/{rel}","templated":true}]}}

<p style="text-align: left;"><img decoding="async" src="../../images/im.png" width="15" /> Değerli Velilerimiz,<br />
2026-2027 Eğitim Öğretim Yılı hafta içi okul sonrası (16.00-17.30) ve hafta sonu Cumartesi (09.00-17.00) gerçekleştirilecek etkinliklerimizin planlama çalışmalarına başlıyoruz.<br />
Etkinliklerin kayıt tarihi 07.09.2026 Pazartesi günü saat 20.00 da başlayıp 10.09.2026 Perşembe günü saat 17.00 da sona erecektir.<br />
Yeni dönemde açılacak etkinliklerimizi öğrencilerimizin ilgi, merak ve gelişim alanlarına hitap eder şekilde seçmenizi ve kayıt işlemini tamamlamanızı rica ederiz.<br />
Etkinliklerimizle ilgili detaylı bilgilendirme için <a href="https://obi.bilkent.edu.tr/index.php/hafta-ici-ve-hafta-sonu-etkinliklerimiz/">tıklayınız. </a></p>
<p><img decoding="async" src="../../images/im.png" width="15" /> 2026 &#8211; 2027 Eğitim yılı<a href="http://www.obi.bilkent.edu.tr/formlar/2627ooveilkkitap.pdf" target="_blank" rel="noopener"> okulöncesi ve ilkokul kitapları,</a><a href="//www.obi.bilkent.edu.tr/formlar/2627ortakitap.pdf" target="_blank" rel="noopener"> ortaokul kitapları.</a></p>
<p style="font-size: 14px;"><img decoding="async" src="../../images/im.png" width="15" /> <a href="http://www.ortaweb.bilkent.edu.tr/formlar/isgunu2627.pdf" target="_blank" rel="noopener"> 2026 &#8211; 2027 Eğitim-Öğretim Yılı İş Günü Takvimimiz</a></p>
<p><img decoding="async" src="../../images/im.png" width="15" /> Okulumuz okul öncesi 1 (5 yaş) ve okul öncesi 2 (6 yaş) öğrenci alımı hakkında bilgi için <a href="https://ilkweb.bilkent.edu.tr/index.php/ogrenci-basvurulari/" target="_blank" rel="noopener"> tıklayınız.</a></p>
<p style="text-align: left;"><img decoding="async" src="../../images/im.png" width="15" /> 2026 &#8211; 2027 Okul öncesi eğitim ücreti bilgilendirme için<a href="https://obi.bilkent.edu.tr/index.php/mali-ve-idari-isler"> tıklayınız.</a></p>
<p><img decoding="async" src="../../images/im.png" width="15" /> <a href="https://obi.bilkent.edu.tr/formlar/suanaliz2026.pdf" target="_blank" rel="noopener"> Okullarımızdaki Su Sebillerinin Analiz Raporları</a></p>
<p style="font-size: 14px;"><img decoding="async" src="../../images/im.png" width="15" /> &#8220;2025 -2026 eğitim öğretim yılı için ücretsiz öğrenci başvuruları&#8221; <a href="https://obi.bilkent.edu.tr/formlar/ucretsiz.pdf" target="_blank" rel="noopener">tıklayınız.</a></p>
<p style="font-size: 14px;"><img decoding="async" src="../../images/im.png" width="15" /> <a href="https://obi.bilkent.edu.tr/index.php/okul-kiyafeti/" rel="noopener"> 2026 &#8211; 2027 Eğitim-Öğretim Yılı Kıyafet hakkında bilgilendirme.</a></p>
<p style="font-size: 14px;"><img decoding="async" src="../../images/im.png" width="15" /><a href="https://drive.google.com/file/d/1vztcGcughd9J92tTJgUvEOwxJOsaxuuP/view?usp=sharing" target="_blank" rel="noopener"> Okulumuzdan Görüntüler</a></p>

<p>Değerli Velilerimiz, 2026-2027 Eğitim Öğretim Yılı hafta içi okul sonrası (16.00-17.30) ve hafta sonu Cumartesi (09.00-17.00) gerçekleştirilecek etkinliklerimizin planlama çalışmalarına başlıyoruz. Etkinliklerin kayıt tarihi 07.09.2026 Pazartesi günü saat 20.00 da [&hellip;]</p>
