{"id":126,"date":"2023-06-05T13:41:14","date_gmt":"2023-06-05T10:41:14","guid":{"rendered":"https:\/\/obi.bilkent.edu.tr\/?page_id=126"},"modified":"2025-01-10T10:46:05","modified_gmt":"2025-01-10T07:46:05","slug":"ogrencilerimiz-icin","status":"publish","type":"page","link":"https:\/\/obi.bilkent.edu.tr\/index.php\/ogrencilerimiz-icin\/","title":{"rendered":"\u00d6\u011frencilerimiz \u0130\u00e7in"},"content":{"rendered":"\n<p><a href=\"..\/..\/formlar\/saglikbirimi\/dissaglik.pdf\" data-type=\"URL\" data-id=\"https:\/\/obi.bilkent.edu.tr\/formlar\/saglikbirimi\/dissaglik.pdf\" target=\"_blank\" rel=\"noreferrer noopener\">D\u0130\u015e SA\u011eLI\u011eIMIZ<\/a><\/p>\n\n\n\n<p><a href=\"..\/..\/formlar\/saglikbirimi\/dis_fircalama.pdf\" target=\"_blank\" rel=\"noreferrer noopener\">D\u0130\u015e FIR\u00c7ALAMA \u00c7\u0130ZELGES\u0130<\/a><\/p>\n\n\n\n<p><a href=\"..\/..\/formlar\/saglikbirimi\/elyikama.pdf\" target=\"_blank\" rel=\"noreferrer noopener\">EL YIKAMANIN \u00d6NEM\u0130<\/a><\/p>\n","protected":false},"excerpt":{"rendered":"<p>D\u0130\u015e SA\u011eLI\u011eIMIZ D\u0130\u015e FIR\u00c7ALAMA \u00c7\u0130ZELGES\u0130 EL YIKAMANIN \u00d6NEM\u0130<\/p>\n","protected":false},"author":1,"featured_media":0,"parent":0,"menu_order":0,"comment_status":"closed","ping_status":"closed","template":"","meta":[],"_links":{"self":[{"href":"https:\/\/obi.bilkent.edu.tr\/index.php\/wp-json\/wp\/v2\/pages\/126"}],"collection":[{"href":"https:\/\/obi.bilkent.edu.tr\/index.php\/wp-json\/wp\/v2\/pages"}],"about":[{"href":"https:\/\/obi.bilkent.edu.tr\/index.php\/wp-json\/wp\/v2\/types\/page"}],"author":[{"embeddable":true,"href":"https:\/\/obi.bilkent.edu.tr\/index.php\/wp-json\/wp\/v2\/users\/1"}],"replies":[{"embeddable":true,"href":"https:\/\/obi.bilkent.edu.tr\/index.php\/wp-json\/wp\/v2\/comments?post=126"}],"version-history":[{"count":3,"href":"https:\/\/obi.bilkent.edu.tr\/index.php\/wp-json\/wp\/v2\/pages\/126\/revisions"}],"predecessor-version":[{"id":325,"href":"https:\/\/obi.bilkent.edu.tr\/index.php\/wp-json\/wp\/v2\/pages\/126\/revisions\/325"}],"wp:attachment":[{"href":"https:\/\/obi.bilkent.edu.tr\/index.php\/wp-json\/wp\/v2\/media?parent=126"}],"curies":[{"name":"wp","href":"https:\/\/api.w.org\/{rel}","templated":true}]}}